{"id":2516,"date":"2025-07-27T22:32:46","date_gmt":"2025-07-27T22:32:46","guid":{"rendered":"https:\/\/www.inextremis-aventura.fr\/activites\/lloguer-dequipament-de-via-ferrata\/"},"modified":"2025-11-06T12:10:47","modified_gmt":"2025-11-06T12:10:47","slug":"reserva-lloguer-equipament-via-ferrada","status":"publish","type":"product","link":"https:\/\/www.inextremis-aventura.fr\/ca\/reservation\/reserva-lloguer-equipament-via-ferrada\/","title":{"rendered":"Reserva Lloguer d&#8217;equipament de via ferrada"},"content":{"rendered":"<div class=\"wpb-content-wrapper\"><p>[vc_row][vc_column][vc_column_text css=&#8221;&#8221;]<strong>Inextremis Aventura ofereix lloguer d&#8217;equipament per escalar la Via Ferrada d&#8217;Amelie-les-Bains.<\/strong> L&#8217;equipament compleix amb les normes actuals (CE, UIAA, EPI) i est\u00e0 sotm\u00e8s a una inspecci\u00f3 rigorosa i est\u00e0 inscrit al registre obligatori d&#8217;equips de protecci\u00f3 individual.<\/p>\n<p><strong>Preus del material llogat:<\/strong><br \/>\nPack d&#8217;arn\u00e8s amb dobles cordons amb amortidor + cascs 20 \u20ac<br \/>\nPer a tots els lloguers d&#8217;equipament, recordeu portar: un document d&#8217;identitat i un xec de dip\u00f2sit de 150 \u20ac\/paquet[\/vc_column_text][\/vc_column][\/vc_row]<\/p>\n<\/div>","protected":false},"excerpt":{"rendered":"<p>Inextremis Aventura ofereix lloguer de material per escalar la Via Ferrata d&#8217;Am\u00e9lie les Bains. Equipament que compleix les normes vigents (CE, UIAA, EPI) i que est\u00e0 sotm\u00e8s a un control rigor\u00f3s registrat al registre obligatori d&#8217;equips de protecci\u00f3 individual.<\/p>\n","protected":false},"featured_media":2513,"comment_status":"closed","ping_status":"closed","template":"","meta":{"_acf_changed":false,"_seopress_robots_primary_cat":"none","_seopress_titles_title":"","_seopress_titles_desc":"","_seopress_robots_index":"","site-sidebar-layout":"no-sidebar","site-content-layout":"plain-container","ast-site-content-layout":"default","site-content-style":"default","site-sidebar-style":"default","ast-global-header-display":"","ast-banner-title-visibility":"","ast-main-header-display":"","ast-hfb-above-header-display":"","ast-hfb-below-header-display":"","ast-hfb-mobile-header-display":"","site-post-title":"disabled","ast-breadcrumbs-content":"","ast-featured-img":"disabled","footer-sml-layout":"","ast-disable-related-posts":"","theme-transparent-header-meta":"default","adv-header-id-meta":"","stick-header-meta":"default","header-above-stick-meta":"","header-main-stick-meta":"","header-below-stick-meta":"","astra-migrate-meta-layouts":"set","ast-page-background-enabled":"default","ast-page-background-meta":{"desktop":{"background-color":"var(--ast-global-color-4)","background-image":"","background-repeat":"repeat","background-position":"center center","background-size":"auto","background-attachment":"scroll","background-type":"","background-media":"","overlay-type":"","overlay-color":"","overlay-opacity":"","overlay-gradient":""},"tablet":{"background-color":"","background-image":"","background-repeat":"repeat","background-position":"center center","background-size":"auto","background-attachment":"scroll","background-type":"","background-media":"","overlay-type":"","overlay-color":"","overlay-opacity":"","overlay-gradient":""},"mobile":{"background-color":"","background-image":"","background-repeat":"repeat","background-position":"center center","background-size":"auto","background-attachment":"scroll","background-type":"","background-media":"","overlay-type":"","overlay-color":"","overlay-opacity":"","overlay-gradient":""}},"ast-content-background-meta":{"desktop":{"background-color":"var(--ast-global-color-5)","background-image":"","background-repeat":"repeat","background-position":"center center","background-size":"auto","background-attachment":"scroll","background-type":"","background-media":"","overlay-type":"","overlay-color":"","overlay-opacity":"","overlay-gradient":""},"tablet":{"background-color":"var(--ast-global-color-5)","background-image":"","background-repeat":"repeat","background-position":"center center","background-size":"auto","background-attachment":"scroll","background-type":"","background-media":"","overlay-type":"","overlay-color":"","overlay-opacity":"","overlay-gradient":""},"mobile":{"background-color":"var(--ast-global-color-5)","background-image":"","background-repeat":"repeat","background-position":"center center","background-size":"auto","background-attachment":"scroll","background-type":"","background-media":"","overlay-type":"","overlay-color":"","overlay-opacity":"","overlay-gradient":""}}},"product_brand":[192],"product_cat":[168],"product_tag":[],"class_list":{"0":"post-2516","1":"product","2":"type-product","3":"status-publish","4":"has-post-thumbnail","6":"product_brand-inextremis-aventura","7":"product_cat-via-ferrada","8":"desktop-align-center","9":"tablet-align-left","10":"mobile-align-left","11":"ast-product-gallery-layout-horizontal","12":"ast-product-gallery-with-no-image","13":"ast-magnify-disabled","15":"first","16":"instock","17":"virtual","18":"sold-individually","19":"purchasable","20":"product-type-booking"},"acf":[],"_links":{"self":[{"href":"https:\/\/www.inextremis-aventura.fr\/ca\/wp-json\/wp\/v2\/product\/2516","targetHints":{"allow":["GET"]}}],"collection":[{"href":"https:\/\/www.inextremis-aventura.fr\/ca\/wp-json\/wp\/v2\/product"}],"about":[{"href":"https:\/\/www.inextremis-aventura.fr\/ca\/wp-json\/wp\/v2\/types\/product"}],"replies":[{"embeddable":true,"href":"https:\/\/www.inextremis-aventura.fr\/ca\/wp-json\/wp\/v2\/comments?post=2516"}],"wp:featuredmedia":[{"embeddable":true,"href":"https:\/\/www.inextremis-aventura.fr\/ca\/wp-json\/wp\/v2\/media\/2513"}],"wp:attachment":[{"href":"https:\/\/www.inextremis-aventura.fr\/ca\/wp-json\/wp\/v2\/media?parent=2516"}],"wp:term":[{"taxonomy":"product_brand","embeddable":true,"href":"https:\/\/www.inextremis-aventura.fr\/ca\/wp-json\/wp\/v2\/product_brand?post=2516"},{"taxonomy":"product_cat","embeddable":true,"href":"https:\/\/www.inextremis-aventura.fr\/ca\/wp-json\/wp\/v2\/product_cat?post=2516"},{"taxonomy":"product_tag","embeddable":true,"href":"https:\/\/www.inextremis-aventura.fr\/ca\/wp-json\/wp\/v2\/product_tag?post=2516"}],"curies":[{"name":"wp","href":"https:\/\/api.w.org\/{rel}","templated":true}]}}

<div class="wpb-content-wrapper"><p>[vc_row][vc_column][vc_column_text css=&#8221;&#8221;]<strong>Inextremis Aventura ofereix lloguer d&#8217;equipament per escalar la Via Ferrada d&#8217;Amelie-les-Bains.</strong> L&#8217;equipament compleix amb les normes actuals (CE, UIAA, EPI) i està sotmès a una inspecció rigorosa i està inscrit al registre obligatori d&#8217;equips de protecció individual.</p>
<p><strong>Preus del material llogat:</strong><br />
Pack d&#8217;arnès amb dobles cordons amb amortidor + cascs 20 €<br />
Per a tots els lloguers d&#8217;equipament, recordeu portar: un document d&#8217;identitat i un xec de dipòsit de 150 €/paquet[/vc_column_text][/vc_column][/vc_row]</p>
</div>

<p>Inextremis Aventura ofereix lloguer de material per escalar la Via Ferrata d&#8217;Amélie les Bains. Equipament que compleix les normes vigents (CE, UIAA, EPI) i que està sotmès a un control rigorós registrat al registre obligatori d&#8217;equips de protecció individual.</p>
